{"id":26549,"date":"2019-07-09T19:00:19","date_gmt":"2019-07-09T22:00:19","guid":{"rendered":"https:\/\/abifer.org.br\/wp-content\/uploads\/2019\/07\/ferroeste-linha-tempo_02-TABELA-4.png"},"modified":"2019-07-09T19:00:19","modified_gmt":"2019-07-09T22:00:19","slug":"ferroeste-linha-tempo_02-tabela-4-2","status":"inherit","type":"attachment","link":"https:\/\/abifer.org.br\/ferroeste-linha-tempo_02-tabela-4-2\/","title":{"rendered":"ferroeste-linha-tempo_02 (TABELA 4)"},"author":55,"featured_media":0,"comment_status":"open","ping_status":"closed","template":"","meta":[],"class_list":["post-26549","attachment","type-attachment","status-inherit","hentry"],"acf":[],"yoast_head":"<!-- This site is optimized with the Yoast SEO plugin v18.2 - https:\/\/yoast.com\/wordpress\/plugins\/seo\/ -->\n<title>ferroeste-linha-tempo_02 (TABELA 4) - ABIFER<\/title>\n<meta name=\"robots\" content=\"index, follow, max-snippet:-1, max-image-preview:large, max-video-preview:-1\" \/>\n<link rel=\"canonical\" href=\"https:\/\/abifer.org.br\/wp-content\/uploads\/2019\/07\/ferroeste-linha-tempo_02-TABELA-4.png\" \/>\n<meta property=\"og:locale\" content=\"pt_BR\" \/>\n<meta property=\"og:type\" content=\"article\" \/>\n<meta property=\"og:title\" content=\"ferroeste-linha-tempo_02 (TABELA 4) - ABIFER\" \/>\n<meta property=\"og:url\" content=\"https:\/\/abifer.org.br\/wp-content\/uploads\/2019\/07\/ferroeste-linha-tempo_02-TABELA-4.png\" \/>\n<meta property=\"og:site_name\" content=\"ABIFER\" \/>\n<meta property=\"article:publisher\" content=\"https:\/\/www.facebook.com\/abiferoficial\/\" \/>\n<meta property=\"og:image\" content=\"https:\/\/abifer.org.br\/wp-content\/uploads\/2019\/07\/ferroeste-linha-tempo_02-TABELA-4.png\" \/>\n\t<meta property=\"og:image:width\" content=\"2034\" \/>\n\t<meta property=\"og:image:height\" content=\"672\" \/>\n\t<meta property=\"og:image:type\" content=\"image\/png\" \/>\n<meta name=\"twitter:card\" content=\"summary_large_image\" \/>\n<meta name=\"twitter:site\" content=\"@abiferoficial\" \/>\n<script type=\"application\/ld+json\" class=\"yoast-schema-graph\">{\"@context\":\"https:\/\/schema.org\",\"@graph\":[{\"@type\":\"Organization\",\"@id\":\"http:\/\/abifer.org.br\/#organization\",\"name\":\"ABIFER\",\"url\":\"http:\/\/abifer.org.br\/\",\"sameAs\":[\"https:\/\/www.facebook.com\/abiferoficial\/\",\"https:\/\/www.linkedin.com\/company\/abiferoficial\/\",\"https:\/\/twitter.com\/abiferoficial\"],\"logo\":{\"@type\":\"ImageObject\",\"@id\":\"http:\/\/abifer.org.br\/#logo\",\"inLanguage\":\"pt-BR\",\"url\":\"https:\/\/abifer.org.br\/wp-content\/uploads\/2018\/05\/ABF_001_LogoSlogan.jpg\",\"contentUrl\":\"https:\/\/abifer.org.br\/wp-content\/uploads\/2018\/05\/ABF_001_LogoSlogan.jpg\",\"width\":1182,\"height\":486,\"caption\":\"ABIFER\"},\"image\":{\"@id\":\"http:\/\/abifer.org.br\/#logo\"}},{\"@type\":\"WebSite\",\"@id\":\"http:\/\/abifer.org.br\/#website\",\"url\":\"http:\/\/abifer.org.br\/\",\"name\":\"ABIFER\",\"description\":\"Associa\u00e7\u00e3o Brasileira da Ind\u00fastria Ferrovi\u00e1ria\",\"publisher\":{\"@id\":\"http:\/\/abifer.org.br\/#organization\"},\"potentialAction\":[{\"@type\":\"SearchAction\",\"target\":{\"@type\":\"EntryPoint\",\"urlTemplate\":\"http:\/\/abifer.org.br\/?s={search_term_string}\"},\"query-input\":\"required name=search_term_string\"}],\"inLanguage\":\"pt-BR\"},{\"@type\":\"WebPage\",\"@id\":\"https:\/\/abifer.org.br\/wp-content\/uploads\/2019\/07\/ferroeste-linha-tempo_02-TABELA-4.png#webpage\",\"url\":\"https:\/\/abifer.org.br\/wp-content\/uploads\/2019\/07\/ferroeste-linha-tempo_02-TABELA-4.png\",\"name\":\"ferroeste-linha-tempo_02 (TABELA 4) - ABIFER\",\"isPartOf\":{\"@id\":\"http:\/\/abifer.org.br\/#website\"},\"datePublished\":\"2019-07-09T22:00:19+00:00\",\"dateModified\":\"2019-07-09T22:00:19+00:00\",\"breadcrumb\":{\"@id\":\"https:\/\/abifer.org.br\/wp-content\/uploads\/2019\/07\/ferroeste-linha-tempo_02-TABELA-4.png#breadcrumb\"},\"inLanguage\":\"pt-BR\",\"potentialAction\":[{\"@type\":\"ReadAction\",\"target\":[\"https:\/\/abifer.org.br\/wp-content\/uploads\/2019\/07\/ferroeste-linha-tempo_02-TABELA-4.png\"]}]},{\"@type\":\"BreadcrumbList\",\"@id\":\"https:\/\/abifer.org.br\/wp-content\/uploads\/2019\/07\/ferroeste-linha-tempo_02-TABELA-4.png#breadcrumb\",\"itemListElement\":[{\"@type\":\"ListItem\",\"position\":1,\"name\":\"In\u00edcio\",\"item\":\"http:\/\/abifer.org.br\/\"},{\"@type\":\"ListItem\",\"position\":2,\"name\":\"ferroeste-linha-tempo_02 (TABELA 4)\"}]}]}<\/script>\n<!-- \/ Yoast SEO plugin. -->","yoast_head_json":{"title":"ferroeste-linha-tempo_02 (TABELA 4) - ABIFER","robots":{"index":"index","follow":"follow","max-snippet":"max-snippet:-1","max-image-preview":"max-image-preview:large","max-video-preview":"max-video-preview:-1"},"canonical":"https:\/\/abifer.org.br\/wp-content\/uploads\/2019\/07\/ferroeste-linha-tempo_02-TABELA-4.png","og_locale":"pt_BR","og_type":"article","og_title":"ferroeste-linha-tempo_02 (TABELA 4) - ABIFER","og_url":"https:\/\/abifer.org.br\/wp-content\/uploads\/2019\/07\/ferroeste-linha-tempo_02-TABELA-4.png","og_site_name":"ABIFER","article_publisher":"https:\/\/www.facebook.com\/abiferoficial\/","og_image":[{"width":2034,"height":672,"url":"https:\/\/abifer.org.br\/wp-content\/uploads\/2019\/07\/ferroeste-linha-tempo_02-TABELA-4.png","type":"image\/png"}],"twitter_card":"summary_large_image","twitter_site":"@abiferoficial","schema":{"@context":"https:\/\/schema.org","@graph":[{"@type":"Organization","@id":"http:\/\/abifer.org.br\/#organization","name":"ABIFER","url":"http:\/\/abifer.org.br\/","sameAs":["https:\/\/www.facebook.com\/abiferoficial\/","https:\/\/www.linkedin.com\/company\/abiferoficial\/","https:\/\/twitter.com\/abiferoficial"],"logo":{"@type":"ImageObject","@id":"http:\/\/abifer.org.br\/#logo","inLanguage":"pt-BR","url":"https:\/\/abifer.org.br\/wp-content\/uploads\/2018\/05\/ABF_001_LogoSlogan.jpg","contentUrl":"https:\/\/abifer.org.br\/wp-content\/uploads\/2018\/05\/ABF_001_LogoSlogan.jpg","width":1182,"height":486,"caption":"ABIFER"},"image":{"@id":"http:\/\/abifer.org.br\/#logo"}},{"@type":"WebSite","@id":"http:\/\/abifer.org.br\/#website","url":"http:\/\/abifer.org.br\/","name":"ABIFER","description":"Associa\u00e7\u00e3o Brasileira da Ind\u00fastria Ferrovi\u00e1ria","publisher":{"@id":"http:\/\/abifer.org.br\/#organization"},"potentialAction":[{"@type":"SearchAction","target":{"@type":"EntryPoint","urlTemplate":"http:\/\/abifer.org.br\/?s={search_term_string}"},"query-input":"required name=search_term_string"}],"inLanguage":"pt-BR"},{"@type":"WebPage","@id":"https:\/\/abifer.org.br\/wp-content\/uploads\/2019\/07\/ferroeste-linha-tempo_02-TABELA-4.png#webpage","url":"https:\/\/abifer.org.br\/wp-content\/uploads\/2019\/07\/ferroeste-linha-tempo_02-TABELA-4.png","name":"ferroeste-linha-tempo_02 (TABELA 4) - ABIFER","isPartOf":{"@id":"http:\/\/abifer.org.br\/#website"},"datePublished":"2019-07-09T22:00:19+00:00","dateModified":"2019-07-09T22:00:19+00:00","breadcrumb":{"@id":"https:\/\/abifer.org.br\/wp-content\/uploads\/2019\/07\/ferroeste-linha-tempo_02-TABELA-4.png#breadcrumb"},"inLanguage":"pt-BR","potentialAction":[{"@type":"ReadAction","target":["https:\/\/abifer.org.br\/wp-content\/uploads\/2019\/07\/ferroeste-linha-tempo_02-TABELA-4.png"]}]},{"@type":"BreadcrumbList","@id":"https:\/\/abifer.org.br\/wp-content\/uploads\/2019\/07\/ferroeste-linha-tempo_02-TABELA-4.png#breadcrumb","itemListElement":[{"@type":"ListItem","position":1,"name":"In\u00edcio","item":"http:\/\/abifer.org.br\/"},{"@type":"ListItem","position":2,"name":"ferroeste-linha-tempo_02 (TABELA 4)"}]}]}},"description":{"rendered":"<p class=\"attachment\"><a href='https:\/\/abifer.org.br\/wp-content\/uploads\/2019\/07\/ferroeste-linha-tempo_02-TABELA-4.png'><img loading=\"lazy\" decoding=\"async\" width=\"300\" height=\"99\" src=\"https:\/\/abifer.org.br\/wp-content\/uploads\/2019\/07\/ferroeste-linha-tempo_02-TABELA-4-300x99.png\" class=\"attachment-medium size-medium\" alt=\"\" srcset=\"https:\/\/abifer.org.br\/wp-content\/uploads\/2019\/07\/ferroeste-linha-tempo_02-TABELA-4-300x99.png 300w, https:\/\/abifer.org.br\/wp-content\/uploads\/2019\/07\/ferroeste-linha-tempo_02-TABELA-4-768x254.png 768w, https:\/\/abifer.org.br\/wp-content\/uploads\/2019\/07\/ferroeste-linha-tempo_02-TABELA-4-1024x338.png 1024w, https:\/\/abifer.org.br\/wp-content\/uploads\/2019\/07\/ferroeste-linha-tempo_02-TABELA-4.png 2034w\" sizes=\"(max-width: 300px) 100vw, 300px\" \/><\/a><\/p>\n"},"caption":{"rendered":""},"alt_text":"","media_type":"image","mime_type":"image\/png","media_details":{"width":2034,"height":672,"file":"2019\/07\/ferroeste-linha-tempo_02-TABELA-4.png","sizes":{"thumbnail":{"file":"ferroeste-linha-tempo_02-TABELA-4-150x150.png","width":150,"height":150,"mime_type":"image\/png","source_url":"https:\/\/abifer.org.br\/wp-content\/uploads\/2019\/07\/ferroeste-linha-tempo_02-TABELA-4-150x150.png"},"medium":{"file":"ferroeste-linha-tempo_02-TABELA-4-300x99.png","width":300,"height":99,"mime_type":"image\/png","source_url":"https:\/\/abifer.org.br\/wp-content\/uploads\/2019\/07\/ferroeste-linha-tempo_02-TABELA-4-300x99.png"},"medium_large":{"file":"ferroeste-linha-tempo_02-TABELA-4-768x254.png","width":768,"height":254,"mime_type":"image\/png","source_url":"https:\/\/abifer.org.br\/wp-content\/uploads\/2019\/07\/ferroeste-linha-tempo_02-TABELA-4-768x254.png"},"large":{"file":"ferroeste-linha-tempo_02-TABELA-4-1024x338.png","width":1024,"height":338,"mime_type":"image\/png","source_url":"https:\/\/abifer.org.br\/wp-content\/uploads\/2019\/07\/ferroeste-linha-tempo_02-TABELA-4-1024x338.png"},"associadas":{"file":"ferroeste-linha-tempo_02-TABELA-4-300x300.png","width":300,"height":300,"mime_type":"image\/png","source_url":"https:\/\/abifer.org.br\/wp-content\/uploads\/2019\/07\/ferroeste-linha-tempo_02-TABELA-4-300x300.png"},"blog":{"file":"ferroeste-linha-tempo_02-TABELA-4-300x150.png","width":300,"height":150,"mime_type":"image\/png","source_url":"https:\/\/abifer.org.br\/wp-content\/uploads\/2019\/07\/ferroeste-linha-tempo_02-TABELA-4-300x150.png"},"full":{"file":"ferroeste-linha-tempo_02-TABELA-4.png","width":2034,"height":672,"mime_type":"image\/png","source_url":"https:\/\/abifer.org.br\/wp-content\/uploads\/2019\/07\/ferroeste-linha-tempo_02-TABELA-4.png"}},"image_meta":{"aperture":"0","credit":"","camera":"","caption":"","created_timestamp":"0","copyright":"","focal_length":"0","iso":"0","shutter_speed":"0","title":"","orientation":"0","keywords":[]}},"post":null,"source_url":"https:\/\/abifer.org.br\/wp-content\/uploads\/2019\/07\/ferroeste-linha-tempo_02-TABELA-4.png","_links":{"self":[{"href":"https:\/\/abifer.org.br\/en\/wp-json\/wp\/v2\/media\/26549\/"}],"collection":[{"href":"https:\/\/abifer.org.br\/en\/wp-json\/wp\/v2\/media\/"}],"about":[{"href":"https:\/\/abifer.org.br\/en\/wp-json\/wp\/v2\/types\/attachment\/"}],"author":[{"embeddable":true,"href":"https:\/\/abifer.org.br\/en\/wp-json\/wp\/v2\/users\/55\/"}],"replies":[{"embeddable":true,"href":"https:\/\/abifer.org.br\/en\/wp-json\/wp\/v2\/comments\/?post=26549"}]}}

<!-- This site is optimized with the Yoast SEO plugin v18.2 - https://yoast.com/wordpress/plugins/seo/ -->
<title>ferroeste-linha-tempo_02 (TABELA 4) - ABIFER</title>
<meta name="robots" content="index, follow, max-snippet:-1, max-image-preview:large, max-video-preview:-1" />
<link rel="canonical" href="https://abifer.org.br/wp-content/uploads/2019/07/ferroeste-linha-tempo_02-TABELA-4.png" />
<meta property="og:locale" content="pt_BR" />
<meta property="og:type" content="article" />
<meta property="og:title" content="ferroeste-linha-tempo_02 (TABELA 4) - ABIFER" />
<meta property="og:url" content="https://abifer.org.br/wp-content/uploads/2019/07/ferroeste-linha-tempo_02-TABELA-4.png" />
<meta property="og:site_name" content="ABIFER" />
<meta property="article:publisher" content="https://www.facebook.com/abiferoficial/" />
<meta property="og:image" content="https://abifer.org.br/wp-content/uploads/2019/07/ferroeste-linha-tempo_02-TABELA-4.png" />
	<meta property="og:image:width" content="2034" />
	<meta property="og:image:height" content="672" />
	<meta property="og:image:type" content="image/png" />
<meta name="twitter:card" content="summary_large_image" />
<meta name="twitter:site" content="@abiferoficial" />
<script type="application/ld+json" class="yoast-schema-graph">{"@context":"https://schema.org","@graph":[{"@type":"Organization","@id":"http://abifer.org.br/#organization","name":"ABIFER","url":"http://abifer.org.br/","sameAs":["https://www.facebook.com/abiferoficial/","https://www.linkedin.com/company/abiferoficial/","https://twitter.com/abiferoficial"],"logo":{"@type":"ImageObject","@id":"http://abifer.org.br/#logo","inLanguage":"pt-BR","url":"https://abifer.org.br/wp-content/uploads/2018/05/ABF_001_LogoSlogan.jpg","contentUrl":"https://abifer.org.br/wp-content/uploads/2018/05/ABF_001_LogoSlogan.jpg","width":1182,"height":486,"caption":"ABIFER"},"image":{"@id":"http://abifer.org.br/#logo"}},{"@type":"WebSite","@id":"http://abifer.org.br/#website","url":"http://abifer.org.br/","name":"ABIFER","description":"Associação Brasileira da Indústria Ferroviária","publisher":{"@id":"http://abifer.org.br/#organization"},"potentialAction":[{"@type":"SearchAction","target":{"@type":"EntryPoint","urlTemplate":"http://abifer.org.br/?s={search_term_string}"},"query-input":"required name=search_term_string"}],"inLanguage":"pt-BR"},{"@type":"WebPage","@id":"https://abifer.org.br/wp-content/uploads/2019/07/ferroeste-linha-tempo_02-TABELA-4.png#webpage","url":"https://abifer.org.br/wp-content/uploads/2019/07/ferroeste-linha-tempo_02-TABELA-4.png","name":"ferroeste-linha-tempo_02 (TABELA 4) - ABIFER","isPartOf":{"@id":"http://abifer.org.br/#website"},"datePublished":"2019-07-09T22:00:19+00:00","dateModified":"2019-07-09T22:00:19+00:00","breadcrumb":{"@id":"https://abifer.org.br/wp-content/uploads/2019/07/ferroeste-linha-tempo_02-TABELA-4.png#breadcrumb"},"inLanguage":"pt-BR","potentialAction":[{"@type":"ReadAction","target":["https://abifer.org.br/wp-content/uploads/2019/07/ferroeste-linha-tempo_02-TABELA-4.png"]}]},{"@type":"BreadcrumbList","@id":"https://abifer.org.br/wp-content/uploads/2019/07/ferroeste-linha-tempo_02-TABELA-4.png#breadcrumb","itemListElement":[{"@type":"ListItem","position":1,"name":"Início","item":"http://abifer.org.br/"},{"@type":"ListItem","position":2,"name":"ferroeste-linha-tempo_02 (TABELA 4)"}]}]}</script>
<!-- / Yoast SEO plugin. -->

Associação Brasileira da Indústria Ferroviária

Início
